es 12 divide 182800?
False
Is 186306 a multiple of 126?
False
Is 3486350 a multiple of 25?
True
Is 73320 a multiple of 12?
True
Does 6 divide 51084?
True
Is 304 a factor of 1127536?
True
Is 5074 a multiple of 59?
True
Is 498 a factor of 653874?
True
Does 24 divide 17554074?
False
Is 18442350 a multiple of 475?
True
Does 5 divide 17358?
False
Is 3890988 a multiple of 87?
True
Is 84 a factor of 120792?
True
Is 43743 a multiple of 15?
False
Is 64583 a multiple of 7?
False
Is 200655 a multiple of 195?
True
Does 89 divide 3554364?
False
Does 1059 divide 2705745?
True
Does 3 divide 119342?
False
Is 413 a factor of 1957620?
True
Is 14506050 a multiple of 1605?
False
Is 414392 a multiple of 21?
False
Does 4 divide 389482?
False
Is 62 a factor of 2895573?
False
Does 23 divide 548366?
True
Is 398 a factor of 333922?
True
Does 93 divide 209267?
False
Is 176 a factor of 112025?
False
Is 6 a factor of 5004390?
True
Is 4093244 a multiple of 7?
False
Is 172 a factor of 2251863?
False
Is 34 a factor of 358224?
True
Is 17777 a multiple of 17?
False
Does 23 divide 648186?
True
Is 4185992 a multiple of 31?
True
Does 92 divide 1096365?
False
Is 3757079 a multiple of 22?
False
Does 13 divide 25579?
False
Is 118 a factor of 51131?
False
Is 81950 a multiple of 44?
False
Is 46 a factor of 76984?
False
Does 40 divide 20622960?
True
Does 15 divide 802249?
False
Is 15395040 a multiple of 72?
True
Does 21 divide 57988?
False
Is 3 a factor of 110060?
False
Is 3087073 a multiple of 11?
True
Does 15 divide 411316?
False
Is 397096 a multiple of 28?
True
Is 467 a factor of 1876873?
True
Does 17 divide 99843?
False
Is 10 a factor of 1113?
False
Is 85 a factor of 8918965?
True
Is 1764 a factor of 3711456?
True
Is 7230440 a multiple of 952?
True
Is 14 a factor of 390693?
False
Does 249 divide 202437?
True
Does 203 divide 165817?
False
Does 15 divide 293632?
False
Does 42 divide 2014775?
False
Is 6 a factor of 6325968?
True
Is 242440 a multiple of 152?
True
Is 46 a factor of 489946?
True
Is 32 a factor of 96512?
True
Is 14 a factor of 25209698?
False
Is 785 a factor of 7120735?
True
Does 10 divide 16236?
False
Is 64 a factor of 10508672?
True
Is 17 a factor of 265642?
True
Does 122 divide 46238?
True
Is 15 a factor of 795006?
False
Is 6 a factor of 3362358?
True
Does 180 divide 6886307?
False
Does 184 divide 1024512?
True
Is 1452 a factor of 21583980?
True
Does 88 divide 2073896?
True
Does 1879 divide 8829421?
True
Is 159 a factor of 5310783?
False
Is 1651301 even?
False
Does 184 divide 561062?
False
Is 40 a factor of 17189?
False
Does 39 divide 80613?
True
Is 96 a factor of 158112?
True
Is 424703 a multiple of 3?
False
Is 444 a factor of 23155932?
True
Is 354690 a multiple of 70?
True
Is 140 a factor of 98280?
True
Is 11 a factor of 289256?
True
Does 139 divide 1946?
True
Is 26 a factor of 4824742?
True
Does 24 divide 4938744?
True
Is 25 a factor of 146025?
True
Is 213315 a multiple of 25?
False
Is 6 a factor of 9369?
False
Does 20 divide 138180?
True
Is 442464 a multiple of 176?
True
Is 6 a factor of 132549?
False
Is 969276 a multiple of 22?
True
Is 9 a factor of 161325?
True
Is 53 a factor of 405789?
False
Is 3733015 a multiple of 1014?
False
Does 5 divide 1974827?
False
Is 13 a factor of 108472?
True
Does 15 divide 170025?
True
Is 480513 a multiple of 5?
False
Is 557457 a multiple of 14?
False
Does 41 divide 33048?
False
Is 10 a factor of 4135196?
False
Is 455712 a multiple of 48?
True
Is 189633 a multiple of 356?
False
Is 410 a factor of 938900?
True
Is 562 a factor of 6737256?
True
Is 163480 a multiple of 5?
True
Is 7 a factor of 53954?
False
Is 462690 a multiple of 30?
True
Is 2533020 a multiple of 185?
True
Is 466900 a multiple of 29?
True
Is 3355100 a multiple of 100?
True
Is 2776320 a multiple of 80?
True
Does 34 divide 168465?
False
Is 99 a factor of 2855754?
True
Does 606 divide 10488648?
True
Is 22096 a multiple of 123?
False
Does 319 divide 45552?
False
Does 225 divide 14171625?
True
Does 9 divide 106452?
True
Does 6 divide 762942?
True
Does 26 divide 17798950?
True
Is 229012 a multiple of 14?
True
Is 32690 a multiple of 35?
True
Is 5444327 a multiple of 314?
False
Does 17 divide 431768?
False
Does 22 divide 1291598?
True
Is 12331 a multiple of 59?
True
Does 13 divide 882596?
True
Does 18 divide 256662?
True
Is 21 a factor of 162540?
True
Is 12546 a multiple of 123?
True
Is 404668 even?
True
Does 181 divide 503542?
True
Is 6985 a multiple of 5?
True
Is 46 a factor of 1170386?
False
Is 268494 a multiple of 6?
True
Does 4 divide 3189442?
False
Is 24026 a multiple of 41?
True
Does 215 divide 91685?
False
Is 16777067 a multiple of 34?
False
Is 171210 a multiple of 143?
False
Is 773035 a multiple of 98?
False
Is 319 a factor of 191708?
False
Does 2 divide 16002?
True
Does 25 divide 931524?
False
Does 100 divide 27100?
True
Does 66 divide 3305713?
False
Is 6730306 a multiple of 195?
False
Is 872575 a multiple of 55?
True
Is 53 a factor of 14394764?
False
Does 185 divide 108225?
True
Does 2 divide 876059?
False
Is 30348 a multiple of 281?
True
Does 4 divide 681525?
False
Does 1300 divide 8966100?
True
Does 3 divide 19236?
True
Is 803 a factor of 12451318?
True
Does 587 divide 369006?
False
Is 87330 a multiple of 142?
True
Is 27 a factor of 68607?
True
Does 126 divide 57953?
False
Is 119801 a multiple of 39?
False
Is 58 a factor of 2623282?
True
Is 997340 a multiple of 235?
True
Does 10 divide 23699?
False
Is 244 a factor of 262584?
False
Is 267696 a multiple of 396?
True
Does 5 divide 2438290?
True
Is 3999355 a multiple of 292?
False
Is 34595 a multiple of 31?
False
Is 29 a factor of 208109?
False
Is 202648 a multiple of 9?
False
Does 54 divide 945540?
True
Is 273726 a multiple of 18?
True
Is 5247055 a multiple of 132?
False
Does 598 divide 10438688?
True
Is 17 a factor of 15520?
False
Is 437088 a multiple of 4?
True
Does 7 divide 3052?
True
Is 312009 a multiple of 143?
False
Is 394572 a multiple of 251?
True
Is 5533757 a multiple of 909?
False
Is 1362970 a multiple of 13?
False
Does 9 divide 22668?
False
Does 17 divide 21041?
False
Is 14582589 a multiple of 23?
False
Is 18 a factor of 839124?
True
Is 1058585 a multiple of 19?
True
Is 555632 a multiple of 77?
True
Is 925780 a multiple of 20?
True
Is 11444664 a multiple of 2252?
True
Is 53 a factor of 1339098?
True
Is 7 a factor of 1310456?
True
Is 2166300 a multiple of 90?
True
Is 14725321 a multiple of 18?
False
Is 383 a factor of 18059415?
False
Does 165 divide 861135?
True
Is 636076 a multiple of 27?
False
Is 2009 a multiple of 22?
False
Is 182 a factor of 565374?
False
Is 599 a factor of 469271?
False
Is 59 a factor of 14361?
False
Is 15 a factor of 4337185?
False
Is 266 a factor of 625612?
False
Is 28 a factor of 374780?
True
Is 820773 a multiple of 184?
False
Does 408 divide 183956?
False
Is 9 a factor of 28305?
True
Is 7048488 a multiple of 94?
False
Does 29 divide 95352?
True
Is 167 a factor of 6462?
False
Does 174 divide 1759480?
False
Does 167 divide 81902?
False
Is 6336857 a multiple of 1029?
False
Does 4 divide 159216?
True
Does 64 divide 125133?
False
Is 28 a factor of 2084628?
True
Does 5 divide 191739?
False
Does 12 divide 96720?
True
Is 108 a factor of 213084?
True
Is 6 a factor of 145842?
True
Is 441 a factor of 308414?
False
Does 481 divide 243867?
True
Is 47 a factor of 739921?
True
Is 1889432 a multiple of 824?
True
Does 14 divide 393722?
True
Does 12 divide 192567?
False
Is 11 a factor of 65459?
False
Is 24005 a multiple of 345?
False
Does 9 divide 133454?
False
Does 35 divide 976104?
False
Is 776 a factor of 4306969?
False
Is 196 a factor of 2147180?
True
Is 450 a factor of 689861?
False
Does 53 divide 1884839?
True
Is 91 a factor of 136601?
False
Is 1068562 a multiple of 55?
False
Does 89 divide 82370?
False
Is 24 a factor of 900456?
True
Is 6284 a multiple of 20?
False
Is 1165 a factor of 627935?
True
Does 4 divide 227695?
False
Does 18 divide 209564?
False
Is 551433 a multiple of 463?
True
Does 4 divide 624337?
False
Does 34 divide 5746476?
True
Is 546940 a multiple of 1189?
True
Does 748 divide 1212508?
True
Is 72 a factor of 410477?
False
Is 5337910 a multiple of 194?
True
Is 168502 a multiple of 75?
False
Is 177 a factor of 6395895?
True
Is 13260 a multiple of 20?
True
Is 56 a factor of 433